{"id":5694,"date":"2025-01-07T13:45:33","date_gmt":"2025-01-07T17:45:33","guid":{"rendered":"https:\/\/araisa.ca\/ressources\/plein-feux-sur-les-donnees-sur-limmigration-dans-latlantique\/"},"modified":"2026-04-07T15:29:12","modified_gmt":"2026-04-07T18:29:12","slug":"plein-feux-sur-les-donnees-sur-limmigration-dans-latlantique","status":"publish","type":"page","link":"https:\/\/araisa.ca\/fr\/ressources\/plein-feux-sur-les-donnees-sur-limmigration-dans-latlantique\/","title":{"rendered":"Pleins feux sur les donn\u00e9es sur l&rsquo;immigration dans l&rsquo;Atlantique"},"content":{"rendered":"\n<div class=\"wp-block-group alignwide has-global-padding is-layout-constrained wp-block-group-is-layout-constrained\">\n<p class=\"has-text-align-center\">Pleins feux sur les donn\u00e9es de l&rsquo;immigration dans l&rsquo;Atlantique est une publication trimestrielle qui fournit des r\u00e9sum\u00e9s brefs et pratiques des donn\u00e9es relatives \u00e0 l&rsquo;immigration pour le secteur de l&rsquo;\u00e9tablissement et de l&rsquo;int\u00e9gration. Chaque num\u00e9ro met en lumi\u00e8re un \u00e9l\u00e9ment cl\u00e9 des donn\u00e9es, fournit une br\u00e8ve interpr\u00e9tation et explique comment ces donn\u00e9es peuvent \u00e9clairer les programmes et les services. Con\u00e7u sp\u00e9cifiquement pour les fournisseurs de services du Canada atlantique, Pleins feux sur les donn\u00e9es peut soutenir la conception de programmes, l&rsquo;engagement des personnes nouvellement arriv\u00e9es, la coordination du secteur et les demandes de financement. Il combine des ensembles de donn\u00e9es provinciales pour la recherche afin de produire des donn\u00e9es uniques pour la r\u00e9gion de l&rsquo;Atlantique.   <\/p>\n\n\n\n<figure class=\"wp-block-image alignwide size-full\"><img loading=\"lazy\" decoding=\"async\" width=\"2560\" height=\"1349\" src=\"https:\/\/araisa.ca\/wp-content\/uploads\/2026\/03\/Data-Spotlight-Business-Ownership_ARAISA-website-banner-scaled.png\" alt=\"\" class=\"wp-image-8095\" srcset=\"https:\/\/araisa.ca\/wp-content\/uploads\/2026\/03\/Data-Spotlight-Business-Ownership_ARAISA-website-banner-scaled.png 2560w, https:\/\/araisa.ca\/wp-content\/uploads\/2026\/03\/Data-Spotlight-Business-Ownership_ARAISA-website-banner-300x158.png 300w, https:\/\/araisa.ca\/wp-content\/uploads\/2026\/03\/Data-Spotlight-Business-Ownership_ARAISA-website-banner-1024x540.png 1024w, https:\/\/araisa.ca\/wp-content\/uploads\/2026\/03\/Data-Spotlight-Business-Ownership_ARAISA-website-banner-768x405.png 768w, https:\/\/araisa.ca\/wp-content\/uploads\/2026\/03\/Data-Spotlight-Business-Ownership_ARAISA-website-banner-1536x810.png 1536w, https:\/\/araisa.ca\/wp-content\/uploads\/2026\/03\/Data-Spotlight-Business-Ownership_ARAISA-website-banner-2048x1079.png 2048w\" sizes=\"auto, (max-width: 2560px) 100vw, 2560px\" \/><\/figure>\n\n\n\n<div class=\"wp-block-group alignwide has-global-padding is-content-justification-left is-layout-constrained wp-container-core-group-is-layout-b8c17a39 wp-block-group-is-layout-constrained\" style=\"padding-left:40px\">\n<h4 class=\"wp-block-heading alignwide\">En vedette<\/h4>\n\n\n\n<h3 class=\"wp-block-heading\" style=\"padding-top:0;padding-bottom:0\">Propri\u00e9t\u00e9 d&rsquo;entreprise chez les personnes immigrantes au Canada atlantique<\/h3>\n\n\n\n<p>Dans cette \u00e9dition de Pleins feux sur les donn\u00e9es relatives \u00e0 l&rsquo;immigration dans l&rsquo;Atlantique, ARAISA examine les diff\u00e9rences entre les personnes immigrantes et non immigrantes en mati\u00e8re de propri\u00e9t\u00e9 d&rsquo;entreprise, et ce que ces chiffres signifient pour le secteur de l&rsquo;\u00e9tablissement et de l&rsquo;int\u00e9gration. <\/p>\n\n\n\n<div class=\"wp-block-buttons alignwide is-layout-flex wp-block-buttons-is-layout-flex\">\n<div class=\"wp-block-button\"><a class=\"wp-block-button__link wp-element-button\" href=\"https:\/\/araisa.ca\/wp-content\/uploads\/2026\/03\/Spotlight-on-Data-08-Business-ownership-FR.pdf\" target=\"_blank\" rel=\"noreferrer noopener\">En savoir plus<\/a><\/div>\n<\/div>\n<\/div>\n\n\n\n<div class=\"wp-block-group alignwide has-global-padding is-layout-constrained wp-block-group-is-layout-constrained\" style=\"margin-top:4rem;margin-bottom:4rem\">\n<h4 class=\"wp-block-heading has-medium-font-size\">Janvier 2026<\/h4>\n\n\n\n<h2 class=\"wp-block-heading\">R\u00e9sidents temporaires devenus permanents dans le Canada atlantique<\/h2>\n\n\n\n<p>Ce rapport met en \u00e9vidence les donn\u00e9es cl\u00e9s sur les admissions de r\u00e9sident-e-s permanent-e-s, en se concentrant sur les personnes qui d\u00e9tenaient auparavant un permis de s\u00e9jour temporaire.<\/p>\n\n\n\n<div class=\"wp-block-buttons is-layout-flex wp-block-buttons-is-layout-flex\">\n<div class=\"wp-block-button\"><a class=\"wp-block-button__link wp-element-button\" href=\"https:\/\/araisa.ca\/wp-content\/uploads\/2026\/01\/Spotlight-on-Data-07-Temporary-to-permanent-FR.pdf\" target=\"_blank\" rel=\"noreferrer noopener\">En savoir plus<\/a><\/div>\n<\/div>\n<\/div>\n\n\n\n<div class=\"wp-block-group alignwide has-global-padding is-layout-constrained wp-block-group-is-layout-constrained\" style=\"margin-top:4rem;margin-bottom:4rem\">\n<h4 class=\"wp-block-heading has-medium-font-size\">Septembre 2025<\/h4>\n\n\n\n<h2 class=\"wp-block-heading\">Enfants et jeunes nouveaux arrivants au Canada atlantique<\/h2>\n\n\n\n<p>Les enfants et les jeunes repr\u00e9sentant plus de la moiti\u00e9 des personnes nouvellement arriv\u00e9es au Canada atlantique, ce num\u00e9ro de Pleins feux sur les donn\u00e9es explore ce que cela signifie pour le secteur de l&rsquo;\u00e9tablissement et de l&rsquo;int\u00e9gration.<\/p>\n\n\n\n<div class=\"wp-block-buttons is-layout-flex wp-block-buttons-is-layout-flex\">\n<div class=\"wp-block-button\"><a class=\"wp-block-button__link wp-element-button\" href=\"https:\/\/araisa.ca\/wp-content\/uploads\/2025\/09\/Spotlight-on-Data-06-Children-and-youth-FR.pdf\" target=\"_blank\" rel=\"noreferrer noopener\">En savoir plus<\/a><\/div>\n<\/div>\n<\/div>\n\n\n\n<div class=\"wp-block-group alignwide has-global-padding is-layout-constrained wp-block-group-is-layout-constrained\" style=\"margin-top:4rem;margin-bottom:4rem\">\n<h4 class=\"wp-block-heading has-medium-font-size\">Juin 2025<\/h4>\n\n\n\n<h2 class=\"wp-block-heading\">Utilisation des services d&rsquo;\u00e9tablissement par les personnes r\u00e9fugi\u00e9es au Canada atlantique<\/h2>\n\n\n\n<p>Ce num\u00e9ro de Pleins feux sur les donn\u00e9es montre que les personnes r\u00e9fugi\u00e9es d\u00e9pendent fortement des services d&rsquo;\u00e9tablissement, avec, au Canada atlantique, un acc\u00e8s \u00e0 trois types de services diff\u00e9rents en moyenne. <\/p>\n\n\n\n<div class=\"wp-block-buttons is-layout-flex wp-block-buttons-is-layout-flex\">\n<div class=\"wp-block-button\"><a class=\"wp-block-button__link wp-element-button\" href=\"https:\/\/araisa.ca\/wp-content\/uploads\/2025\/07\/Spotlight-on-Data-05-Refugee-service-use-FR.pdf\" target=\"_blank\" rel=\"noreferrer noopener\">En savoir plus<\/a><\/div>\n<\/div>\n<\/div>\n\n\n\n<div class=\"wp-block-group alignwide has-global-padding is-layout-constrained wp-block-group-is-layout-constrained\" style=\"margin-top:4rem;margin-bottom:4rem\">\n<h4 class=\"wp-block-heading has-medium-font-size\">Mars 2025<\/h4>\n\n\n\n<h2 class=\"wp-block-heading\">Trente ans d&rsquo;immigration et de croissance au Canada atlantique<\/h2>\n\n\n\n<p>Ce num\u00e9ro de Pleins feux sur les donn\u00e9es se penche sur la croissance d\u00e9mographique, les principales tendances en mati\u00e8re d&rsquo;immigration et ce qu&rsquo;elles signifient pour le secteur de l&rsquo;\u00e9tablissement et de l&rsquo;int\u00e9gration aujourd&rsquo;hui. Beaucoup de choses ont chang\u00e9 en 30 ans !<\/p>\n\n\n\n<div class=\"wp-block-buttons is-layout-flex wp-block-buttons-is-layout-flex\">\n<div class=\"wp-block-button\"><a class=\"wp-block-button__link wp-element-button\" href=\"https:\/\/araisa.ca\/wp-content\/uploads\/2025\/03\/Spotlight-on-Data-04-30-years-FR.pdf\" target=\"_blank\" rel=\"noreferrer noopener\">En savoir plus<\/a><\/div>\n<\/div>\n<\/div>\n\n\n\n<div class=\"wp-block-group alignwide has-global-padding is-layout-constrained wp-block-group-is-layout-constrained\" style=\"margin-top:4rem;margin-bottom:4rem\">\n<h4 class=\"wp-block-heading has-medium-font-size\">D\u00e9cembre 2024<\/h4>\n\n\n\n<h2 class=\"wp-block-heading\">R\u00e9tention des personnes nouvelle arriv\u00e9es au Canada atlantique<\/h2>\n\n\n\n<p>Par rapport au reste du Canada, le taux de r\u00e9tention des immigrant-e-s est faible dans la r\u00e9gion de l&rsquo;Atlantique. Ce point sur les donn\u00e9es examine comment cela varie pour les populations de nouveaux-elles arrivant-e-s. <\/p>\n\n\n\n<div class=\"wp-block-buttons is-layout-flex wp-block-buttons-is-layout-flex\">\n<div class=\"wp-block-button\"><a class=\"wp-block-button__link wp-element-button\" href=\"https:\/\/araisa.ca\/wp-content\/uploads\/2025\/01\/Spotlight-on-Data-03-Retention-EN.pdf\" target=\"_blank\" rel=\"noreferrer noopener\">En savoir plus<\/a><\/div>\n<\/div>\n<\/div>\n\n\n\n<div class=\"wp-block-group has-global-padding is-layout-constrained wp-block-group-is-layout-constrained\">\n<h4 class=\"wp-block-heading has-medium-font-size\">Septembre 2024<\/h4>\n\n\n\n<h2 class=\"wp-block-heading\">Pays d&rsquo;origine des immigrants au Canada atlantique<\/h2>\n\n\n\n<p>Le Canada atlantique conna\u00eet une diversit\u00e9 croissante due \u00e0 l&rsquo;immigration. Alors que, plus t\u00f4t, les immigrant-e-s de la r\u00e9gion venaient souvent de pays occidentaux comme le Royaume-Uni et les \u00c9tats-Unis, les nouveaux-elles arrivant-e-s sont de plus en plus souvent originaires d&rsquo;Asie. Cette tendance est mise en \u00e9vidence dans ce num\u00e9ro.   <\/p>\n\n\n\n<div class=\"wp-block-buttons is-layout-flex wp-block-buttons-is-layout-flex\">\n<div class=\"wp-block-button\"><a class=\"wp-block-button__link wp-element-button\" href=\"https:\/\/araisa.ca\/wp-content\/uploads\/2025\/01\/Spotlight-on-Data-02-Countries-of-origin-EN.pdf\">En savoir plus<\/a><\/div>\n<\/div>\n<\/div>\n\n\n\n<div class=\"wp-block-group alignwide has-global-padding is-layout-constrained wp-block-group-is-layout-constrained\" style=\"margin-top:4rem;margin-bottom:4rem\">\n<h4 class=\"wp-block-heading has-medium-font-size\">Juillet 2024<\/h4>\n\n\n\n<h2 class=\"wp-block-heading\">\u00c9cart salarial entre les genres pour les immigrants \u00e9conomiques au Canada atlantique<\/h2>\n\n\n\n<p>Dans le Canada atlantique, l&rsquo;\u00e9cart salarial entre les hommes et les femmes est persistant parmi les immigrant-e-s \u00e9conomiques. Malgr\u00e9 l&rsquo;augmentation du revenu d&#8217;emploi moyen pour les deux sexes au fil du temps, la disparit\u00e9 salariale reste constante. Ce num\u00e9ro sert \u00e0 \u00e9valuer les besoins en mati\u00e8re de services, soulignant la n\u00e9cessit\u00e9 d&rsquo;un soutien cibl\u00e9 visant \u00e0 am\u00e9liorer l&rsquo;int\u00e9gration \u00e9conomique, en particulier pour les immigrantes.  <\/p>\n\n\n\n<div class=\"wp-block-buttons is-layout-flex wp-block-buttons-is-layout-flex\">\n<div class=\"wp-block-button\"><a class=\"wp-block-button__link wp-element-button\" href=\"https:\/\/araisa.ca\/wp-content\/uploads\/2025\/01\/Spotlight-on-Data-01-Gender-wage-gap-EN.pdf\">En savoir plus<\/a><\/div>\n<\/div>\n<\/div>\n<\/div>\n\n<p><\/p>\n","protected":false},"excerpt":{"rendered":"Votre publication trimestrielle sur les donn\u00e9es permettant d'informer les programmes et les services dans le secteur de l'\u00e9tablissement et de\u2026","protected":false},"author":155,"featured_media":5680,"parent":573,"menu_order":0,"comment_status":"closed","ping_status":"closed","template":"","meta":{"_acf_changed":false,"_EventAllDay":false,"_EventTimezone":"","_EventStartDate":"","_EventEndDate":"","_EventStartDateUTC":"","_EventEndDateUTC":"","_EventShowMap":false,"_EventShowMapLink":false,"_EventURL":"","_EventCost":"","_EventCostDescription":"","_EventCurrencySymbol":"","_EventCurrencyCode":"","_EventCurrencyPosition":"","_EventDateTimeSeparator":"","_EventTimeRangeSeparator":"","_EventOrganizerID":[],"_EventVenueID":[],"_OrganizerEmail":"","_OrganizerPhone":"","_OrganizerWebsite":"","_VenueAddress":"","_VenueCity":"","_VenueCountry":"","_VenueProvince":"","_VenueState":"","_VenueZip":"","_VenuePhone":"","_VenueURL":"","_VenueStateProvince":"","_VenueLat":"","_VenueLng":"","_VenueShowMap":false,"_VenueShowMapLink":false,"footnotes":""},"class_list":["post-5694","page","type-page","status-publish","has-post-thumbnail","hentry"],"acf":[],"_links":{"self":[{"href":"https:\/\/araisa.ca\/fr\/wp-json\/wp\/v2\/pages\/5694","targetHints":{"allow":["GET"]}}],"collection":[{"href":"https:\/\/araisa.ca\/fr\/wp-json\/wp\/v2\/pages"}],"about":[{"href":"https:\/\/araisa.ca\/fr\/wp-json\/wp\/v2\/types\/page"}],"author":[{"embeddable":true,"href":"https:\/\/araisa.ca\/fr\/wp-json\/wp\/v2\/users\/155"}],"replies":[{"embeddable":true,"href":"https:\/\/araisa.ca\/fr\/wp-json\/wp\/v2\/comments?post=5694"}],"version-history":[{"count":0,"href":"https:\/\/araisa.ca\/fr\/wp-json\/wp\/v2\/pages\/5694\/revisions"}],"up":[{"embeddable":true,"href":"https:\/\/araisa.ca\/fr\/wp-json\/wp\/v2\/pages\/573"}],"wp:featuredmedia":[{"embeddable":true,"href":"https:\/\/araisa.ca\/fr\/wp-json\/wp\/v2\/media\/5680"}],"wp:attachment":[{"href":"https:\/\/araisa.ca\/fr\/wp-json\/wp\/v2\/media?parent=5694"}],"curies":[{"name":"wp","href":"https:\/\/api.w.org\/{rel}","templated":true}]}}

Pleins feux sur les données sur l&rsquo;immigration dans l&rsquo;Atlantique

<div class="wp-block-group alignwide has-global-padding is-layout-constrained wp-block-group-is-layout-constrained">
<p class="has-text-align-center">Pleins feux sur les données de l&rsquo;immigration dans l&rsquo;Atlantique est une publication trimestrielle qui fournit des résumés brefs et pratiques des données relatives à l&rsquo;immigration pour le secteur de l&rsquo;établissement et de l&rsquo;intégration. Chaque numéro met en lumière un élément clé des données, fournit une brève interprétation et explique comment ces données peuvent éclairer les programmes et les services. Conçu spécifiquement pour les fournisseurs de services du Canada atlantique, Pleins feux sur les données peut soutenir la conception de programmes, l&rsquo;engagement des personnes nouvellement arrivées, la coordination du secteur et les demandes de financement. Il combine des ensembles de données provinciales pour la recherche afin de produire des données uniques pour la région de l&rsquo;Atlantique.   </p>



<figure class="wp-block-image alignwide size-full"><img loading="lazy" decoding="async" width="2560" height="1349" src="https://araisa.ca/wp-content/uploads/2026/03/Data-Spotlight-Business-Ownership_ARAISA-website-banner-scaled.png" alt="" class="wp-image-8095" srcset="https://araisa.ca/wp-content/uploads/2026/03/Data-Spotlight-Business-Ownership_ARAISA-website-banner-scaled.png 2560w, https://araisa.ca/wp-content/uploads/2026/03/Data-Spotlight-Business-Ownership_ARAISA-website-banner-300x158.png 300w, https://araisa.ca/wp-content/uploads/2026/03/Data-Spotlight-Business-Ownership_ARAISA-website-banner-1024x540.png 1024w, https://araisa.ca/wp-content/uploads/2026/03/Data-Spotlight-Business-Ownership_ARAISA-website-banner-768x405.png 768w, https://araisa.ca/wp-content/uploads/2026/03/Data-Spotlight-Business-Ownership_ARAISA-website-banner-1536x810.png 1536w, https://araisa.ca/wp-content/uploads/2026/03/Data-Spotlight-Business-Ownership_ARAISA-website-banner-2048x1079.png 2048w" sizes="auto, (max-width: 2560px) 100vw, 2560px" /></figure>



<div class="wp-block-group alignwide has-global-padding is-content-justification-left is-layout-constrained wp-container-core-group-is-layout-b8c17a39 wp-block-group-is-layout-constrained" style="padding-left:40px">
<h4 class="wp-block-heading alignwide">En vedette</h4>



<h3 class="wp-block-heading" style="padding-top:0;padding-bottom:0">Propriété d&rsquo;entreprise chez les personnes immigrantes au Canada atlantique</h3>



<p>Dans cette édition de Pleins feux sur les données relatives à l&rsquo;immigration dans l&rsquo;Atlantique, ARAISA examine les différences entre les personnes immigrantes et non immigrantes en matière de propriété d&rsquo;entreprise, et ce que ces chiffres signifient pour le secteur de l&rsquo;établissement et de l&rsquo;intégration. </p>



<div class="wp-block-buttons alignwide is-layout-flex wp-block-buttons-is-layout-flex">
<div class="wp-block-button"><a class="wp-block-button__link wp-element-button" href="https://araisa.ca/wp-content/uploads/2026/03/Spotlight-on-Data-08-Business-ownership-FR.pdf" target="_blank" rel="noreferrer noopener">En savoir plus</a></div>
</div>
</div>



<div class="wp-block-group alignwide has-global-padding is-layout-constrained wp-block-group-is-layout-constrained" style="margin-top:4rem;margin-bottom:4rem">
<h4 class="wp-block-heading has-medium-font-size">Janvier 2026</h4>



<h2 class="wp-block-heading">Résidents temporaires devenus permanents dans le Canada atlantique</h2>



<p>Ce rapport met en évidence les données clés sur les admissions de résident-e-s permanent-e-s, en se concentrant sur les personnes qui détenaient auparavant un permis de séjour temporaire.</p>



<div class="wp-block-buttons is-layout-flex wp-block-buttons-is-layout-flex">
<div class="wp-block-button"><a class="wp-block-button__link wp-element-button" href="https://araisa.ca/wp-content/uploads/2026/01/Spotlight-on-Data-07-Temporary-to-permanent-FR.pdf" target="_blank" rel="noreferrer noopener">En savoir plus</a></div>
</div>
</div>



<div class="wp-block-group alignwide has-global-padding is-layout-constrained wp-block-group-is-layout-constrained" style="margin-top:4rem;margin-bottom:4rem">
<h4 class="wp-block-heading has-medium-font-size">Septembre 2025</h4>



<h2 class="wp-block-heading">Enfants et jeunes nouveaux arrivants au Canada atlantique</h2>



<p>Les enfants et les jeunes représentant plus de la moitié des personnes nouvellement arrivées au Canada atlantique, ce numéro de Pleins feux sur les données explore ce que cela signifie pour le secteur de l&rsquo;établissement et de l&rsquo;intégration.</p>



<div class="wp-block-buttons is-layout-flex wp-block-buttons-is-layout-flex">
<div class="wp-block-button"><a class="wp-block-button__link wp-element-button" href="https://araisa.ca/wp-content/uploads/2025/09/Spotlight-on-Data-06-Children-and-youth-FR.pdf" target="_blank" rel="noreferrer noopener">En savoir plus</a></div>
</div>
</div>



<div class="wp-block-group alignwide has-global-padding is-layout-constrained wp-block-group-is-layout-constrained" style="margin-top:4rem;margin-bottom:4rem">
<h4 class="wp-block-heading has-medium-font-size">Juin 2025</h4>



<h2 class="wp-block-heading">Utilisation des services d&rsquo;établissement par les personnes réfugiées au Canada atlantique</h2>



<p>Ce numéro de Pleins feux sur les données montre que les personnes réfugiées dépendent fortement des services d&rsquo;établissement, avec, au Canada atlantique, un accès à trois types de services différents en moyenne. </p>



<div class="wp-block-buttons is-layout-flex wp-block-buttons-is-layout-flex">
<div class="wp-block-button"><a class="wp-block-button__link wp-element-button" href="https://araisa.ca/wp-content/uploads/2025/07/Spotlight-on-Data-05-Refugee-service-use-FR.pdf" target="_blank" rel="noreferrer noopener">En savoir plus</a></div>
</div>
</div>



<div class="wp-block-group alignwide has-global-padding is-layout-constrained wp-block-group-is-layout-constrained" style="margin-top:4rem;margin-bottom:4rem">
<h4 class="wp-block-heading has-medium-font-size">Mars 2025</h4>



<h2 class="wp-block-heading">Trente ans d&rsquo;immigration et de croissance au Canada atlantique</h2>



<p>Ce numéro de Pleins feux sur les données se penche sur la croissance démographique, les principales tendances en matière d&rsquo;immigration et ce qu&rsquo;elles signifient pour le secteur de l&rsquo;établissement et de l&rsquo;intégration aujourd&rsquo;hui. Beaucoup de choses ont changé en 30 ans !</p>



<div class="wp-block-buttons is-layout-flex wp-block-buttons-is-layout-flex">
<div class="wp-block-button"><a class="wp-block-button__link wp-element-button" href="https://araisa.ca/wp-content/uploads/2025/03/Spotlight-on-Data-04-30-years-FR.pdf" target="_blank" rel="noreferrer noopener">En savoir plus</a></div>
</div>
</div>



<div class="wp-block-group alignwide has-global-padding is-layout-constrained wp-block-group-is-layout-constrained" style="margin-top:4rem;margin-bottom:4rem">
<h4 class="wp-block-heading has-medium-font-size">Décembre 2024</h4>



<h2 class="wp-block-heading">Rétention des personnes nouvelle arrivées au Canada atlantique</h2>



<p>Par rapport au reste du Canada, le taux de rétention des immigrant-e-s est faible dans la région de l&rsquo;Atlantique. Ce point sur les données examine comment cela varie pour les populations de nouveaux-elles arrivant-e-s. </p>



<div class="wp-block-buttons is-layout-flex wp-block-buttons-is-layout-flex">
<div class="wp-block-button"><a class="wp-block-button__link wp-element-button" href="https://araisa.ca/wp-content/uploads/2025/01/Spotlight-on-Data-03-Retention-EN.pdf" target="_blank" rel="noreferrer noopener">En savoir plus</a></div>
</div>
</div>



<div class="wp-block-group has-global-padding is-layout-constrained wp-block-group-is-layout-constrained">
<h4 class="wp-block-heading has-medium-font-size">Septembre 2024</h4>



<h2 class="wp-block-heading">Pays d&rsquo;origine des immigrants au Canada atlantique</h2>



<p>Le Canada atlantique connaît une diversité croissante due à l&rsquo;immigration. Alors que, plus tôt, les immigrant-e-s de la région venaient souvent de pays occidentaux comme le Royaume-Uni et les États-Unis, les nouveaux-elles arrivant-e-s sont de plus en plus souvent originaires d&rsquo;Asie. Cette tendance est mise en évidence dans ce numéro.   </p>



<div class="wp-block-buttons is-layout-flex wp-block-buttons-is-layout-flex">
<div class="wp-block-button"><a class="wp-block-button__link wp-element-button" href="https://araisa.ca/wp-content/uploads/2025/01/Spotlight-on-Data-02-Countries-of-origin-EN.pdf">En savoir plus</a></div>
</div>
</div>



<div class="wp-block-group alignwide has-global-padding is-layout-constrained wp-block-group-is-layout-constrained" style="margin-top:4rem;margin-bottom:4rem">
<h4 class="wp-block-heading has-medium-font-size">Juillet 2024</h4>



<h2 class="wp-block-heading">Écart salarial entre les genres pour les immigrants économiques au Canada atlantique</h2>



<p>Dans le Canada atlantique, l&rsquo;écart salarial entre les hommes et les femmes est persistant parmi les immigrant-e-s économiques. Malgré l&rsquo;augmentation du revenu d&#8217;emploi moyen pour les deux sexes au fil du temps, la disparité salariale reste constante. Ce numéro sert à évaluer les besoins en matière de services, soulignant la nécessité d&rsquo;un soutien ciblé visant à améliorer l&rsquo;intégration économique, en particulier pour les immigrantes.  </p>



<div class="wp-block-buttons is-layout-flex wp-block-buttons-is-layout-flex">
<div class="wp-block-button"><a class="wp-block-button__link wp-element-button" href="https://araisa.ca/wp-content/uploads/2025/01/Spotlight-on-Data-01-Gender-wage-gap-EN.pdf">En savoir plus</a></div>
</div>
</div>
</div>

<p></p>

Votre publication trimestrielle sur les données permettant d'informer les programmes et les services dans le secteur de l'établissement et de…
