{"id":6870,"date":"2025-06-10T08:49:24","date_gmt":"2025-06-10T11:49:24","guid":{"rendered":"https:\/\/araisa.ca\/formations\/webinaires\/edi-et-plan-daction-contre-le-racisme-pour-les-fs-au-canada-atlantique\/"},"modified":"2025-07-02T11:11:28","modified_gmt":"2025-07-02T14:11:28","slug":"edi-et-plan-daction-contre-le-racisme-pour-les-fs-au-canada-atlantique","status":"publish","type":"page","link":"https:\/\/araisa.ca\/fr\/formations\/webinaires\/edi-et-plan-daction-contre-le-racisme-pour-les-fs-au-canada-atlantique\/","title":{"rendered":"EDI et plan d&rsquo;action contre le racisme pour les FS au Canada atlantique"},"content":{"rendered":"\n<div class=\"wp-block-group alignwide has-global-padding is-layout-constrained wp-block-group-is-layout-constrained\">\n<figure class=\"wp-block-image alignwide size-large\"><img loading=\"lazy\" decoding=\"async\" width=\"1024\" height=\"540\" src=\"https:\/\/araisa.ca\/wp-content\/uploads\/2025\/06\/ARAISA_ARAPwebinar_BannerWebsite_2025-1024x540.png\" alt=\"\" class=\"wp-image-6862\" srcset=\"https:\/\/araisa.ca\/wp-content\/uploads\/2025\/06\/ARAISA_ARAPwebinar_BannerWebsite_2025-1024x540.png 1024w, https:\/\/araisa.ca\/wp-content\/uploads\/2025\/06\/ARAISA_ARAPwebinar_BannerWebsite_2025-300x158.png 300w, https:\/\/araisa.ca\/wp-content\/uploads\/2025\/06\/ARAISA_ARAPwebinar_BannerWebsite_2025-768x405.png 768w, https:\/\/araisa.ca\/wp-content\/uploads\/2025\/06\/ARAISA_ARAPwebinar_BannerWebsite_2025-1536x810.png 1536w, https:\/\/araisa.ca\/wp-content\/uploads\/2025\/06\/ARAISA_ARAPwebinar_BannerWebsite_2025-2048x1079.png 2048w\" sizes=\"auto, (max-width: 1024px) 100vw, 1024px\" \/><\/figure>\n\n\n\n<div class=\"wp-block-columns alignwide is-layout-flex wp-container-core-columns-is-layout-28f84493 wp-block-columns-is-layout-flex\">\n<div class=\"wp-block-column is-layout-flow wp-block-column-is-layout-flow\" style=\"flex-basis:66.66%\">\n<p>Cette s\u00e9rie en deux parties est con\u00e7ue pour fournir aux directions et au personnel des fournisseurs de services (FS) les <strong>outils et les connaissances n\u00e9cessaires pour r\u00e9pondre aux nouvelles exigences d&rsquo;IRCC en mati\u00e8re de plan d&rsquo;action contre le racisme.<\/strong><\/p>\n\n\n\n<p>Dirig\u00e9es par Ivan Okello, fondateur et consultant principal d&rsquo;Ocan Consultants, ces sessions explorent :<\/p>\n\n\n\n<ul class=\"wp-block-list\">\n<li>Les bases de l&rsquo;\u00e9quit\u00e9, de la diversit\u00e9, de l&rsquo;inclusion (EDI) et de l&rsquo;antiracisme dans les organismes du secteur.<\/li>\n\n\n\n<li>Les principes de la strat\u00e9gie contre le racisme<\/li>\n\n\n\n<li>Comment concevoir et mettre en \u0153uvre un plan d&rsquo;action contre le racisme ?<\/li>\n\n\n\n<li>Comment \u00e9valuer les r\u00e9sultats de la lutte contre le racisme dans votre organisation ?<\/li>\n<\/ul>\n\n\n\n<h3 class=\"wp-block-heading\">Session 1 (en anglais) <\/h3>\n\n\n\n<figure class=\"wp-block-embed is-type-video is-provider-youtube wp-block-embed-youtube wp-embed-aspect-16-9 wp-has-aspect-ratio\"><div class=\"wp-block-embed__wrapper\">\n<iframe loading=\"lazy\" title=\"EDI and Anti-Racism Action Planning for Atlantic SPOs - Part 1\" width=\"500\" height=\"281\" src=\"https:\/\/www.youtube.com\/embed\/X3tVXkC16As?feature=oembed\" frameborder=\"0\" allow=\"accelerometer; autoplay; clipboard-write; encrypted-media; gyroscope; picture-in-picture; web-share\" referrerpolicy=\"strict-origin-when-cross-origin\" allowfullscreen><\/iframe>\n<\/div><\/figure>\n\n\n\n<p><strong>T\u00e9l\u00e9chargez la <a href=\"https:\/\/araisa.ca\/wp-content\/uploads\/2025\/06\/ARAISA-Anti-Racism-PD-Session-PPT_ENG_FR.pdf\" target=\"_blank\" rel=\"noreferrer noopener\">pr\u00e9sentation<\/a><\/strong><\/p>\n\n\n\n<p><\/p>\n\n\n\n<h3 class=\"wp-block-heading\">Session 2 (en anglais)<\/h3>\n\n\n\n<figure class=\"wp-block-embed is-type-video is-provider-youtube wp-block-embed-youtube wp-embed-aspect-16-9 wp-has-aspect-ratio\"><div class=\"wp-block-embed__wrapper\">\n<iframe loading=\"lazy\" title=\"EDI and Anti-Racism Action Planning for Atlantic SPOs - Part 2\" width=\"500\" height=\"281\" src=\"https:\/\/www.youtube.com\/embed\/aJlT_MOJ1RI?feature=oembed\" frameborder=\"0\" allow=\"accelerometer; autoplay; clipboard-write; encrypted-media; gyroscope; picture-in-picture; web-share\" referrerpolicy=\"strict-origin-when-cross-origin\" allowfullscreen><\/iframe>\n<\/div><\/figure>\n\n\n\n<p><strong>T\u00e9l\u00e9chargez la <a href=\"https:\/\/araisa.ca\/wp-content\/uploads\/2025\/06\/ARAISA-Anti-Racism-PD-Session-2_BIL.pdf\" target=\"_blank\" rel=\"noreferrer noopener\">pr\u00e9sentation<\/a><\/strong><\/p>\n\n\n\n<p>D&rsquo;autres ressources partag\u00e9es pendant les sessions :<\/p>\n\n\n\n<ul class=\"wp-block-list\">\n<li><a href=\"https:\/\/araisa.ca\/wp-content\/uploads\/2025\/06\/Guide-de-planification-dactions-antiracistes.pdf\" target=\"_blank\" rel=\"noreferrer noopener\">Guide de planification d&rsquo;actions antiracistes pour les organisations \u00e0 but non lucratif et les organisations \u00e0 vocation sociale<\/a><\/li>\n\n\n\n<li><a href=\"https:\/\/araisa.ca\/wp-content\/uploads\/2025\/06\/Activite-de-planification-dactions.pdf\" target=\"_blank\" rel=\"noreferrer noopener\">Activit\u00e9 de planification de l&rsquo;action<\/a><\/li>\n<\/ul>\n\n\n\n<p>Pour des ressources suppl\u00e9mentaires, <a href=\"https:\/\/araisa.ca\/fr\/ressources\/edi-et-plan-daction-contre-le-racisme-outils-et-ressources\/\">consultez notre page de ressources d\u00e9di\u00e9e.<\/a> <\/p>\n\n\n\n<p>Pour toute question ou assistance, contactez Nicole \u00e0 l&rsquo;adresse suivante <a href=\"mailto:noconnor@araisa.ca\">: noconnor@araisa.ca<\/a><\/p>\n\n\n\n<div class=\"wp-block-group has-global-padding is-layout-constrained wp-block-group-is-layout-constrained\">\n<hr class=\"wp-block-separator has-alpha-channel-opacity\"\/>\n\n\n\n<div class=\"wp-block-columns is-layout-flex wp-container-core-columns-is-layout-28f84493 wp-block-columns-is-layout-flex\">\n<div class=\"wp-block-column is-layout-flow wp-block-column-is-layout-flow\" style=\"flex-basis:33.33%\">\n<figure class=\"wp-block-image size-full\"><img loading=\"lazy\" decoding=\"async\" width=\"1363\" height=\"2048\" src=\"https:\/\/araisa.ca\/wp-content\/uploads\/2025\/06\/IvanOkello_2.jpg\" alt=\"\" class=\"wp-image-6866\" srcset=\"https:\/\/araisa.ca\/wp-content\/uploads\/2025\/06\/IvanOkello_2.jpg 1363w, https:\/\/araisa.ca\/wp-content\/uploads\/2025\/06\/IvanOkello_2-200x300.jpg 200w, https:\/\/araisa.ca\/wp-content\/uploads\/2025\/06\/IvanOkello_2-682x1024.jpg 682w, https:\/\/araisa.ca\/wp-content\/uploads\/2025\/06\/IvanOkello_2-768x1154.jpg 768w, https:\/\/araisa.ca\/wp-content\/uploads\/2025\/06\/IvanOkello_2-1022x1536.jpg 1022w\" sizes=\"auto, (max-width: 1363px) 100vw, 1363px\" \/><\/figure>\n<\/div>\n\n\n\n<div class=\"wp-block-column is-layout-flow wp-block-column-is-layout-flow\" style=\"flex-basis:66.66%\">\n<h3 class=\"wp-block-heading\">\u00c0 propos du pr\u00e9sentateur<\/h3>\n\n\n\n<h3 class=\"wp-block-heading has-tc-red-color has-text-color has-link-color has-large-font-size wp-elements-60a135071e7f6e772be220a9df09f2cd\">Ivan Okello<\/h3>\n\n\n\n<p class=\"has-text-align-wide wp-embed-aspect-16-9 wp-has-aspect-ratio\" style=\"margin-top:10px\">Ivan Okello est le fondateur et le consultant principal d&rsquo;<a href=\"https:\/\/www.ocanconsultants.ca\/\" target=\"_blank\" rel=\"noreferrer noopener\">Ocan Consultants<\/a>, une entreprise sociale qui con\u00e7oit et propose des solutions de recherche et de formation de premier ordre en mati\u00e8re d&rsquo;intelligence interculturelle, d&rsquo;\u00e9quit\u00e9, de diversit\u00e9, d&rsquo;inclusion, d&rsquo;appartenance et d&rsquo;antiracisme (EDIB\/A).<\/p>\n\n\n\n<p class=\"has-text-align-wide wp-embed-aspect-16-9 wp-has-aspect-ratio\" style=\"margin-top:10px\"><br\/>Au cours des sept derni\u00e8res ann\u00e9es, Ivan a consacr\u00e9 sa vie \u00e0 la lutte contre la discrimination, en mettant l&rsquo;accent sur l&rsquo;antiracisme, l&rsquo;\u00e9galit\u00e9 des sexes et l&rsquo;inclusion sociale. Il a pr\u00e9c\u00e9demment occup\u00e9 le poste de chef de projet des initiatives antiracistes au Conseil multiculturel du Nouveau-Brunswick (CMNB) et de copr\u00e9sident du groupe de travail du pr\u00e9sident sur la diversit\u00e9 et l&rsquo;inclusion \u00e0 l&rsquo;universit\u00e9 Mount Allison. <\/p>\n\n\n\n<p class=\"has-text-align-wide wp-embed-aspect-16-9 wp-has-aspect-ratio\" style=\"margin-top:10px\"><br\/>Ivan a immigr\u00e9 au Canada pour poursuivre ses \u00e9tudes sup\u00e9rieures, o\u00f9 il a obtenu un master en \u00e9tudes du d\u00e9veloppement international (IDS) \u00e0 l&rsquo;universit\u00e9 Dalhousie \u00e0 Halifax, en Nouvelle-\u00c9cosse. Il est \u00e9galement titulaire d&rsquo;un baccalaur\u00e9at en \u00e9tudes sur le genre de l&rsquo;universit\u00e9 de Makerere. <br\/><\/p>\n\n\n\n<p class=\"has-text-align-wide wp-embed-aspect-16-9 wp-has-aspect-ratio\" style=\"margin-top:10px\">Ivan est passionn\u00e9 par la construction de ponts entre les diverses communaut\u00e9s, l&rsquo;\u00e9limination des obstacles \u00e0 l&rsquo;inclusion, l&rsquo;utilisation du potentiel des personnes et l&rsquo;assurance que les organisations sont con\u00e7ues pour servir et cultiver le potentiel de chacun et chacune.<\/p>\n<\/div>\n<\/div>\n\n\n\n<p class=\"has-text-align-wide wp-embed-aspect-16-9 wp-has-aspect-ratio\" style=\"margin-top:10px\"><\/p>\n<\/div>\n<\/div>\n\n\n\n<div class=\"wp-block-column is-layout-flow wp-block-column-is-layout-flow\" style=\"flex-basis:33.33%\"><\/div>\n<\/div>\n\n\n\n<div style=\"height:40px\" aria-hidden=\"true\" class=\"wp-block-spacer\"><\/div>\n<\/div>\n\n<p><\/p>\n","protected":false},"excerpt":{"rendered":"Obtenez les outils et les connaissances n\u00e9cessaires pour r\u00e9pondre aux nouvelles exigences d'IRCC en mati\u00e8re de plan d'action contre le\u2026","protected":false},"author":155,"featured_media":6869,"parent":610,"menu_order":0,"comment_status":"closed","ping_status":"closed","template":"","meta":{"_acf_changed":false,"_EventAllDay":false,"_EventTimezone":"","_EventStartDate":"","_EventEndDate":"","_EventStartDateUTC":"","_EventEndDateUTC":"","_EventShowMap":false,"_EventShowMapLink":false,"_EventURL":"","_EventCost":"","_EventCostDescription":"","_EventCurrencySymbol":"","_EventCurrencyCode":"","_EventCurrencyPosition":"","_EventDateTimeSeparator":"","_EventTimeRangeSeparator":"","_EventOrganizerID":[],"_EventVenueID":[],"_OrganizerEmail":"","_OrganizerPhone":"","_OrganizerWebsite":"","_VenueAddress":"","_VenueCity":"","_VenueCountry":"","_VenueProvince":"","_VenueState":"","_VenueZip":"","_VenuePhone":"","_VenueURL":"","_VenueStateProvince":"","_VenueLat":"","_VenueLng":"","_VenueShowMap":false,"_VenueShowMapLink":false,"footnotes":""},"class_list":["post-6870","page","type-page","status-publish","has-post-thumbnail","hentry"],"acf":[],"_links":{"self":[{"href":"https:\/\/araisa.ca\/fr\/wp-json\/wp\/v2\/pages\/6870","targetHints":{"allow":["GET"]}}],"collection":[{"href":"https:\/\/araisa.ca\/fr\/wp-json\/wp\/v2\/pages"}],"about":[{"href":"https:\/\/araisa.ca\/fr\/wp-json\/wp\/v2\/types\/page"}],"author":[{"embeddable":true,"href":"https:\/\/araisa.ca\/fr\/wp-json\/wp\/v2\/users\/155"}],"replies":[{"embeddable":true,"href":"https:\/\/araisa.ca\/fr\/wp-json\/wp\/v2\/comments?post=6870"}],"version-history":[{"count":0,"href":"https:\/\/araisa.ca\/fr\/wp-json\/wp\/v2\/pages\/6870\/revisions"}],"up":[{"embeddable":true,"href":"https:\/\/araisa.ca\/fr\/wp-json\/wp\/v2\/pages\/610"}],"wp:featuredmedia":[{"embeddable":true,"href":"https:\/\/araisa.ca\/fr\/wp-json\/wp\/v2\/media\/6869"}],"wp:attachment":[{"href":"https:\/\/araisa.ca\/fr\/wp-json\/wp\/v2\/media?parent=6870"}],"curies":[{"name":"wp","href":"https:\/\/api.w.org\/{rel}","templated":true}]}}

<div class="wp-block-group alignwide has-global-padding is-layout-constrained wp-block-group-is-layout-constrained">
<figure class="wp-block-image alignwide size-large"><img loading="lazy" decoding="async" width="1024" height="540" src="https://araisa.ca/wp-content/uploads/2025/06/ARAISA_ARAPwebinar_BannerWebsite_2025-1024x540.png" alt="" class="wp-image-6862" srcset="https://araisa.ca/wp-content/uploads/2025/06/ARAISA_ARAPwebinar_BannerWebsite_2025-1024x540.png 1024w, https://araisa.ca/wp-content/uploads/2025/06/ARAISA_ARAPwebinar_BannerWebsite_2025-300x158.png 300w, https://araisa.ca/wp-content/uploads/2025/06/ARAISA_ARAPwebinar_BannerWebsite_2025-768x405.png 768w, https://araisa.ca/wp-content/uploads/2025/06/ARAISA_ARAPwebinar_BannerWebsite_2025-1536x810.png 1536w, https://araisa.ca/wp-content/uploads/2025/06/ARAISA_ARAPwebinar_BannerWebsite_2025-2048x1079.png 2048w" sizes="auto, (max-width: 1024px) 100vw, 1024px" /></figure>



<div class="wp-block-columns alignwide is-layout-flex wp-container-core-columns-is-layout-28f84493 wp-block-columns-is-layout-flex">
<div class="wp-block-column is-layout-flow wp-block-column-is-layout-flow" style="flex-basis:66.66%">
<p>Cette série en deux parties est conçue pour fournir aux directions et au personnel des fournisseurs de services (FS) les <strong>outils et les connaissances nécessaires pour répondre aux nouvelles exigences d&rsquo;IRCC en matière de plan d&rsquo;action contre le racisme.</strong></p>



<p>Dirigées par Ivan Okello, fondateur et consultant principal d&rsquo;Ocan Consultants, ces sessions explorent :</p>



<ul class="wp-block-list">
<li>Les bases de l&rsquo;équité, de la diversité, de l&rsquo;inclusion (EDI) et de l&rsquo;antiracisme dans les organismes du secteur.</li>



<li>Les principes de la stratégie contre le racisme</li>



<li>Comment concevoir et mettre en œuvre un plan d&rsquo;action contre le racisme ?</li>



<li>Comment évaluer les résultats de la lutte contre le racisme dans votre organisation ?</li>
</ul>



<h3 class="wp-block-heading">Session 1 (en anglais) </h3>



<figure class="wp-block-embed is-type-video is-provider-youtube wp-block-embed-youtube wp-embed-aspect-16-9 wp-has-aspect-ratio"><div class="wp-block-embed__wrapper">
<iframe loading="lazy" title="EDI and Anti-Racism Action Planning for Atlantic SPOs - Part 1" width="500" height="281" src="https://www.youtube.com/embed/X3tVXkC16As?feature=oembed" frameborder="0" allow="accelerometer; autoplay; clipboard-write; encrypted-media; gyroscope; picture-in-picture; web-share" referrerpolicy="strict-origin-when-cross-origin" allowfullscreen></iframe>
</div></figure>



<p><strong>Téléchargez la <a href="https://araisa.ca/wp-content/uploads/2025/06/ARAISA-Anti-Racism-PD-Session-PPT_ENG_FR.pdf" target="_blank" rel="noreferrer noopener">présentation</a></strong></p>



<p></p>



<h3 class="wp-block-heading">Session 2 (en anglais)</h3>



<figure class="wp-block-embed is-type-video is-provider-youtube wp-block-embed-youtube wp-embed-aspect-16-9 wp-has-aspect-ratio"><div class="wp-block-embed__wrapper">
<iframe loading="lazy" title="EDI and Anti-Racism Action Planning for Atlantic SPOs - Part 2" width="500" height="281" src="https://www.youtube.com/embed/aJlT_MOJ1RI?feature=oembed" frameborder="0" allow="accelerometer; autoplay; clipboard-write; encrypted-media; gyroscope; picture-in-picture; web-share" referrerpolicy="strict-origin-when-cross-origin" allowfullscreen></iframe>
</div></figure>



<p><strong>Téléchargez la <a href="https://araisa.ca/wp-content/uploads/2025/06/ARAISA-Anti-Racism-PD-Session-2_BIL.pdf" target="_blank" rel="noreferrer noopener">présentation</a></strong></p>



<p>D&rsquo;autres ressources partagées pendant les sessions :</p>



<ul class="wp-block-list">
<li><a href="https://araisa.ca/wp-content/uploads/2025/06/Guide-de-planification-dactions-antiracistes.pdf" target="_blank" rel="noreferrer noopener">Guide de planification d&rsquo;actions antiracistes pour les organisations à but non lucratif et les organisations à vocation sociale</a></li>



<li><a href="https://araisa.ca/wp-content/uploads/2025/06/Activite-de-planification-dactions.pdf" target="_blank" rel="noreferrer noopener">Activité de planification de l&rsquo;action</a></li>
</ul>



<p>Pour des ressources supplémentaires, <a href="https://araisa.ca/fr/ressources/edi-et-plan-daction-contre-le-racisme-outils-et-ressources/">consultez notre page de ressources dédiée.</a> </p>



<p>Pour toute question ou assistance, contactez Nicole à l&rsquo;adresse suivante <a href="mailto:noconnor@araisa.ca">: noconnor@araisa.ca</a></p>



<div class="wp-block-group has-global-padding is-layout-constrained wp-block-group-is-layout-constrained">
<hr class="wp-block-separator has-alpha-channel-opacity"/>



<div class="wp-block-columns is-layout-flex wp-container-core-columns-is-layout-28f84493 wp-block-columns-is-layout-flex">
<div class="wp-block-column is-layout-flow wp-block-column-is-layout-flow" style="flex-basis:33.33%">
<figure class="wp-block-image size-full"><img loading="lazy" decoding="async" width="1363" height="2048" src="https://araisa.ca/wp-content/uploads/2025/06/IvanOkello_2.jpg" alt="" class="wp-image-6866" srcset="https://araisa.ca/wp-content/uploads/2025/06/IvanOkello_2.jpg 1363w, https://araisa.ca/wp-content/uploads/2025/06/IvanOkello_2-200x300.jpg 200w, https://araisa.ca/wp-content/uploads/2025/06/IvanOkello_2-682x1024.jpg 682w, https://araisa.ca/wp-content/uploads/2025/06/IvanOkello_2-768x1154.jpg 768w, https://araisa.ca/wp-content/uploads/2025/06/IvanOkello_2-1022x1536.jpg 1022w" sizes="auto, (max-width: 1363px) 100vw, 1363px" /></figure>
</div>



<div class="wp-block-column is-layout-flow wp-block-column-is-layout-flow" style="flex-basis:66.66%">
<h3 class="wp-block-heading">À propos du présentateur</h3>



<h3 class="wp-block-heading has-tc-red-color has-text-color has-link-color has-large-font-size wp-elements-60a135071e7f6e772be220a9df09f2cd">Ivan Okello</h3>



<p class="has-text-align-wide wp-embed-aspect-16-9 wp-has-aspect-ratio" style="margin-top:10px">Ivan Okello est le fondateur et le consultant principal d&rsquo;<a href="https://www.ocanconsultants.ca/" target="_blank" rel="noreferrer noopener">Ocan Consultants</a>, une entreprise sociale qui conçoit et propose des solutions de recherche et de formation de premier ordre en matière d&rsquo;intelligence interculturelle, d&rsquo;équité, de diversité, d&rsquo;inclusion, d&rsquo;appartenance et d&rsquo;antiracisme (EDIB/A).</p>



<p class="has-text-align-wide wp-embed-aspect-16-9 wp-has-aspect-ratio" style="margin-top:10px"><br/>Au cours des sept dernières années, Ivan a consacré sa vie à la lutte contre la discrimination, en mettant l&rsquo;accent sur l&rsquo;antiracisme, l&rsquo;égalité des sexes et l&rsquo;inclusion sociale. Il a précédemment occupé le poste de chef de projet des initiatives antiracistes au Conseil multiculturel du Nouveau-Brunswick (CMNB) et de coprésident du groupe de travail du président sur la diversité et l&rsquo;inclusion à l&rsquo;université Mount Allison. </p>



<p class="has-text-align-wide wp-embed-aspect-16-9 wp-has-aspect-ratio" style="margin-top:10px"><br/>Ivan a immigré au Canada pour poursuivre ses études supérieures, où il a obtenu un master en études du développement international (IDS) à l&rsquo;université Dalhousie à Halifax, en Nouvelle-Écosse. Il est également titulaire d&rsquo;un baccalauréat en études sur le genre de l&rsquo;université de Makerere. <br/></p>



<p class="has-text-align-wide wp-embed-aspect-16-9 wp-has-aspect-ratio" style="margin-top:10px">Ivan est passionné par la construction de ponts entre les diverses communautés, l&rsquo;élimination des obstacles à l&rsquo;inclusion, l&rsquo;utilisation du potentiel des personnes et l&rsquo;assurance que les organisations sont conçues pour servir et cultiver le potentiel de chacun et chacune.</p>
</div>
</div>



<p class="has-text-align-wide wp-embed-aspect-16-9 wp-has-aspect-ratio" style="margin-top:10px"></p>
</div>
</div>



<div class="wp-block-column is-layout-flow wp-block-column-is-layout-flow" style="flex-basis:33.33%"></div>
</div>



<div style="height:40px" aria-hidden="true" class="wp-block-spacer"></div>
</div>

<p></p>

Obtenez les outils et les connaissances nécessaires pour répondre aux nouvelles exigences d'IRCC en matière de plan d'action contre le…
