{"id":8140,"date":"2026-04-08T16:09:03","date_gmt":"2026-04-08T19:09:03","guid":{"rendered":"https:\/\/araisa.ca\/formations\/webinaires\/soin-du-systeme-nerveux-et-pratique-durable-en-premiere-ligne\/"},"modified":"2026-04-08T16:22:04","modified_gmt":"2026-04-08T19:22:04","slug":"soin-du-systeme-nerveux-et-pratique-durable-en-premiere-ligne","status":"publish","type":"page","link":"https:\/\/araisa.ca\/fr\/formations\/webinaires\/soin-du-systeme-nerveux-et-pratique-durable-en-premiere-ligne\/","title":{"rendered":"Soin du syst\u00e8me nerveux et pratique durable en premi\u00e8re ligne"},"content":{"rendered":"\n<div class=\"wp-block-group has-global-padding is-layout-constrained wp-block-group-is-layout-constrained\">\n<p class=\"has-text-align-center\">Consultez les ressources de ce webinaire pour pratiquer, r\u00e9fl\u00e9chir et int\u00e9grer des strat\u00e9gies concr\u00e8tes dans votre travail quotidien.<\/p>\n\n\n\n<figure class=\"wp-block-image alignwide size-full\"><img loading=\"lazy\" decoding=\"async\" width=\"2560\" height=\"1349\" src=\"https:\/\/araisa.ca\/wp-content\/uploads\/2026\/04\/nervous-system-webinar_araisa-website-banner-scaled.png\" alt=\"\" class=\"wp-image-8116\" srcset=\"https:\/\/araisa.ca\/wp-content\/uploads\/2026\/04\/nervous-system-webinar_araisa-website-banner-scaled.png 2560w, https:\/\/araisa.ca\/wp-content\/uploads\/2026\/04\/nervous-system-webinar_araisa-website-banner-300x158.png 300w, https:\/\/araisa.ca\/wp-content\/uploads\/2026\/04\/nervous-system-webinar_araisa-website-banner-1024x540.png 1024w, https:\/\/araisa.ca\/wp-content\/uploads\/2026\/04\/nervous-system-webinar_araisa-website-banner-768x405.png 768w, https:\/\/araisa.ca\/wp-content\/uploads\/2026\/04\/nervous-system-webinar_araisa-website-banner-1536x810.png 1536w, https:\/\/araisa.ca\/wp-content\/uploads\/2026\/04\/nervous-system-webinar_araisa-website-banner-2048x1079.png 2048w\" sizes=\"auto, (max-width: 2560px) 100vw, 2560px\" \/><\/figure>\n\n\n\n<div class=\"wp-block-columns alignwide is-layout-flex wp-container-core-columns-is-layout-28f84493 wp-block-columns-is-layout-flex\">\n<div class=\"wp-block-column is-layout-flow wp-block-column-is-layout-flow\" style=\"flex-basis:66.66%\">\n<h4 class=\"wp-block-heading has-medium-font-size\"><strong>26 mars 2026<\/strong><\/h4>\n\n\n\n<p style=\"margin-top:9px\">Ce webinaire a offert au personnel de premi\u00e8re ligne des strat\u00e9gies concr\u00e8tes pour reconna\u00eetre les premiers signes de tension du syst\u00e8me nerveux, renforcer leurs limites et appliquer des micro-comp\u00e9tences somatiques avant que le stress, l\u2019\u00e9puisement ou le pr\u00e9judice moral ne s\u2019accumulent. Ancr\u00e9 dans une approche inform\u00e9e par le traumatisme, culturellement adapt\u00e9e et non pathologisante, le webinaire refl\u00e8te les r\u00e9alit\u00e9s du travail en premi\u00e8re ligne \u00e0 travers le Canada atlantique. <br\/><\/p>\n\n\n\n<p style=\"margin-top:9px\">Nous sommes ravis de partager les ressources du webinaire pour vous permettre de continuer \u00e0 pratiquer, r\u00e9fl\u00e9chir et int\u00e9grer ces strat\u00e9gies dans votre travail quotidien.<\/p>\n\n\n\n<p><strong><a href=\"https:\/\/araisa.ca\/wp-content\/uploads\/2026\/04\/Boundary-Script-Bank-FR.pdf\" target=\"_blank\" rel=\"noreferrer noopener\">Banque de scripts de limites : langage respectueux de la dignit\u00e9 au travail<br\/><\/a><\/strong>Ce guide propose des exemples concrets de formulations pour communiquer clairement vos limites tout en maintenant le lien et le respect. Les travailleurs et travailleuses de premi\u00e8re ligne peuvent utiliser ces scripts pour g\u00e9rer des situations sous pression sans compromettre la dignit\u00e9 ou les relations. <\/p>\n\n\n\n<p><strong><a href=\"https:\/\/araisa.ca\/wp-content\/uploads\/2026\/04\/Implementation-Guide-FR.pdf\" target=\"_blank\" rel=\"noreferrer noopener\">Guide de mise en \u0153uvre : outils pour remarquer le stress et se soutenir sur le moment<br\/><\/a><\/strong>Ce guide pr\u00e9sente des strat\u00e9gies simples pour reconna\u00eetre les premiers signes de tension du syst\u00e8me nerveux et y r\u00e9pondre avec de petites techniques. Il aide \u00e0 g\u00e9rer le stress sur le moment, en prot\u00e9geant la clart\u00e9, la capacit\u00e9 et le bien-\u00eatre tout en continuant \u00e0 soutenir les autres. <\/p>\n\n\n\n<p><strong><a href=\"https:\/\/araisa.ca\/wp-content\/uploads\/2026\/04\/Reset-Protocal-FR.pdf\" target=\"_blank\" rel=\"noreferrer noopener\">Protocole de r\u00e9initialisation avanc\u00e9 : se remettre apr\u00e8s l\u2019intensit\u00e9<br\/><\/a><\/strong><br\/>Ce guide offre des exercices pratiques pour r\u00e9initialiser le syst\u00e8me nerveux apr\u00e8s des interactions intenses. Ces techniques courtes permettent de pr\u00e9venir l\u2019accumulation du stress et de se pr\u00e9parer \u00e0 aborder la prochaine interaction avec concentration, calme et attention. <\/p>\n\n\n\n<p><strong><a href=\"https:\/\/araisa.ca\/wp-content\/uploads\/2026\/04\/Team-Reflection-Guide-FR.pdf\" target=\"_blank\" rel=\"noreferrer noopener\">Guide de r\u00e9flexion en \u00e9quipe : int\u00e9grer le soin du syst\u00e8me nerveux dans les \u00e9quipes<br\/><\/a><\/strong>Ce guide soutient les \u00e9quipes dans la cr\u00e9ation d\u2019une culture de soin du syst\u00e8me nerveux. Il propose des questions et des exercices pour encourager la discussion, le partage de strat\u00e9gies et le bien-\u00eatre collectif, aidant les \u00e9quipes \u00e0 soutenir leur travail et \u00e0 se soutenir mutuellement efficacement. <\/p>\n\n\n\n<p><strong><a href=\"https:\/\/araisa.ca\/wp-content\/uploads\/2026\/04\/Nervous-System-Care-Sustainable-Frontline-Practice-Webinar-Slides.pdf\" target=\"_blank\" rel=\"noreferrer noopener\">Diapositives du webinaire<br\/><\/a><\/strong>Les diapositives compl\u00e8tes de la pr\u00e9sentation offrent une r\u00e9f\u00e9rence pour le contenu du webinaire. Elles peuvent \u00eatre utilis\u00e9es pour r\u00e9vision, discussion en \u00e9quipe ou comme outil de formation afin de renforcer les strat\u00e9gies pr\u00e9sent\u00e9es lors de la session. <\/p>\n\n\n\n<div style=\"height:30px\" aria-hidden=\"true\" class=\"wp-block-spacer\"><\/div>\n\n\n\n<hr class=\"wp-block-separator has-alpha-channel-opacity\"\/>\n\n\n\n<div style=\"height:0px\" aria-hidden=\"true\" class=\"wp-block-spacer\"><\/div>\n\n\n\n<h3 class=\"wp-block-heading\">\u00c0 propos de la pr\u00e9sentatrice<\/h3>\n\n\n\n<div class=\"wp-block-media-text is-stacked-on-mobile is-vertically-aligned-top\" style=\"grid-template-columns:20% auto\"><figure class=\"wp-block-media-text__media\"><img loading=\"lazy\" decoding=\"async\" width=\"1024\" height=\"1024\" src=\"https:\/\/araisa.ca\/wp-content\/uploads\/2026\/04\/Rajni-Sharma-1024x1024.png\" alt=\"\" class=\"wp-image-8130 size-full\" srcset=\"https:\/\/araisa.ca\/wp-content\/uploads\/2026\/04\/Rajni-Sharma-1024x1024.png 1024w, https:\/\/araisa.ca\/wp-content\/uploads\/2026\/04\/Rajni-Sharma-300x300.png 300w, https:\/\/araisa.ca\/wp-content\/uploads\/2026\/04\/Rajni-Sharma-150x150.png 150w, https:\/\/araisa.ca\/wp-content\/uploads\/2026\/04\/Rajni-Sharma-768x768.png 768w, https:\/\/araisa.ca\/wp-content\/uploads\/2026\/04\/Rajni-Sharma.png 1430w\" sizes=\"auto, (max-width: 1024px) 100vw, 1024px\" \/><\/figure><div class=\"wp-block-media-text__content\">\n<h2 class=\"wp-block-heading has-tc-red-color has-text-color has-link-color has-large-font-size wp-elements-b02eed2fabb41356f541fdd494f79c5e\" style=\"margin-top:27px;margin-bottom:4px\">Rajni Sharma<\/h2>\n\n\n\n<p class=\"has-tc-blue-color has-text-color has-link-color wp-elements-9ed6553ad08bac536eed53a44b1d07ef\" style=\"margin-top:0px;font-size:18px\">Rajni est psychoth\u00e9rapeute et art-th\u00e9rapeute agr\u00e9\u00e9e. Elle est membre du College of Registered Psychotherapists of Ontario (CRPO). Elle a d\u2019abord obtenu un dipl\u00f4me de deuxi\u00e8me cycle en art-th\u00e9rapie, puis un master en psychologie du conseil. En avril 2024, elle a termin\u00e9 son doctorat en psychologie communautaire \u00e0 l\u2019Universit\u00e9 Wilfrid Laurier. Ses recherches portent sur la mani\u00e8re d\u2019aborder et de gu\u00e9rir les exp\u00e9riences de traumatisme racial en th\u00e9rapie.    <\/p>\n\n\n\n<p class=\"has-tc-blue-color has-text-color has-link-color wp-elements-d26a01ad991089399426795b0c3fc13c\" style=\"font-size:18px\">Rajni exerce dans le domaine de la sant\u00e9 mentale depuis 12 ans. Elle a travaill\u00e9 avec une diversit\u00e9 de clients et clientes dans des contextes cliniques et communautaires. Ses exp\u00e9riences lui ont permis d\u2019adapter la th\u00e9rapie aux besoins des personnes, que ce soit pour une intervention en situation de crise ou une th\u00e9rapie \u00e0 long terme. Elle utilise des techniques provenant de la th\u00e9rapie narrative, de l\u2019art-th\u00e9rapie, de la pleine conscience et de l\u2019auto-compassion, de la th\u00e9rapie cognitive, de la th\u00e9rapie d\u2019acceptation et d\u2019engagement, de la psychologie de la lib\u00e9ration, du syst\u00e8me familial interne, de la psychologie bouddhiste, ainsi que de l\u2019EMDR (d\u00e9sensibilisation et retraitement par les mouvements oculaires).   <\/p>\n\n\n\n<p class=\"has-tc-blue-color has-text-color has-link-color wp-elements-3712fa41765ee163574997a8274084b1\" style=\"margin-top:0px;font-size:18px\">Son travail inclut l\u2019exploration du lien corps-esprit pour gu\u00e9rir le traumatisme, la d\u00e9couverte de la fa\u00e7on dont les exp\u00e9riences pass\u00e9es sont connect\u00e9es au pr\u00e9sent, le d\u00e9cryptage des sch\u00e9mas de pens\u00e9e, la r\u00e9gulation des \u00e9motions et la compr\u00e9hension de la mani\u00e8re dont nos d\u00e9fis sont li\u00e9s \u00e0 des r\u00e9alit\u00e9s syst\u00e9miques et structurelles pouvant \u00eatre oppressives et affecter notre sant\u00e9 mentale.<\/p>\n<\/div><\/div>\n<\/div>\n\n\n\n<div class=\"wp-block-column is-layout-flow wp-block-column-is-layout-flow\" style=\"flex-basis:33.33%\"><\/div>\n<\/div>\n<\/div>\n","protected":false},"excerpt":{"rendered":"Consultez les ressources de ce webinaire pour pratiquer, r\u00e9fl\u00e9chir et int\u00e9grer des strat\u00e9gies concr\u00e8tes dans votre travail quotidien.","protected":false},"author":155,"featured_media":8119,"parent":610,"menu_order":0,"comment_status":"closed","ping_status":"closed","template":"","meta":{"_acf_changed":false,"_EventAllDay":false,"_EventTimezone":"","_EventStartDate":"","_EventEndDate":"","_EventStartDateUTC":"","_EventEndDateUTC":"","_EventShowMap":false,"_EventShowMapLink":false,"_EventURL":"","_EventCost":"","_EventCostDescription":"","_EventCurrencySymbol":"","_EventCurrencyCode":"","_EventCurrencyPosition":"","_EventDateTimeSeparator":"","_EventTimeRangeSeparator":"","_EventOrganizerID":[],"_EventVenueID":[],"_OrganizerEmail":"","_OrganizerPhone":"","_OrganizerWebsite":"","_VenueAddress":"","_VenueCity":"","_VenueCountry":"","_VenueProvince":"","_VenueState":"","_VenueZip":"","_VenuePhone":"","_VenueURL":"","_VenueStateProvince":"","_VenueLat":"","_VenueLng":"","_VenueShowMap":false,"_VenueShowMapLink":false,"footnotes":""},"class_list":["post-8140","page","type-page","status-publish","has-post-thumbnail","hentry"],"acf":[],"_links":{"self":[{"href":"https:\/\/araisa.ca\/fr\/wp-json\/wp\/v2\/pages\/8140","targetHints":{"allow":["GET"]}}],"collection":[{"href":"https:\/\/araisa.ca\/fr\/wp-json\/wp\/v2\/pages"}],"about":[{"href":"https:\/\/araisa.ca\/fr\/wp-json\/wp\/v2\/types\/page"}],"author":[{"embeddable":true,"href":"https:\/\/araisa.ca\/fr\/wp-json\/wp\/v2\/users\/155"}],"replies":[{"embeddable":true,"href":"https:\/\/araisa.ca\/fr\/wp-json\/wp\/v2\/comments?post=8140"}],"version-history":[{"count":0,"href":"https:\/\/araisa.ca\/fr\/wp-json\/wp\/v2\/pages\/8140\/revisions"}],"up":[{"embeddable":true,"href":"https:\/\/araisa.ca\/fr\/wp-json\/wp\/v2\/pages\/610"}],"wp:featuredmedia":[{"embeddable":true,"href":"https:\/\/araisa.ca\/fr\/wp-json\/wp\/v2\/media\/8119"}],"wp:attachment":[{"href":"https:\/\/araisa.ca\/fr\/wp-json\/wp\/v2\/media?parent=8140"}],"curies":[{"name":"wp","href":"https:\/\/api.w.org\/{rel}","templated":true}]}}

Soin du système nerveux et pratique durable en première ligne

<div class="wp-block-group has-global-padding is-layout-constrained wp-block-group-is-layout-constrained">
<p class="has-text-align-center">Consultez les ressources de ce webinaire pour pratiquer, réfléchir et intégrer des stratégies concrètes dans votre travail quotidien.</p>



<figure class="wp-block-image alignwide size-full"><img loading="lazy" decoding="async" width="2560" height="1349" src="https://araisa.ca/wp-content/uploads/2026/04/nervous-system-webinar_araisa-website-banner-scaled.png" alt="" class="wp-image-8116" srcset="https://araisa.ca/wp-content/uploads/2026/04/nervous-system-webinar_araisa-website-banner-scaled.png 2560w, https://araisa.ca/wp-content/uploads/2026/04/nervous-system-webinar_araisa-website-banner-300x158.png 300w, https://araisa.ca/wp-content/uploads/2026/04/nervous-system-webinar_araisa-website-banner-1024x540.png 1024w, https://araisa.ca/wp-content/uploads/2026/04/nervous-system-webinar_araisa-website-banner-768x405.png 768w, https://araisa.ca/wp-content/uploads/2026/04/nervous-system-webinar_araisa-website-banner-1536x810.png 1536w, https://araisa.ca/wp-content/uploads/2026/04/nervous-system-webinar_araisa-website-banner-2048x1079.png 2048w" sizes="auto, (max-width: 2560px) 100vw, 2560px" /></figure>



<div class="wp-block-columns alignwide is-layout-flex wp-container-core-columns-is-layout-28f84493 wp-block-columns-is-layout-flex">
<div class="wp-block-column is-layout-flow wp-block-column-is-layout-flow" style="flex-basis:66.66%">
<h4 class="wp-block-heading has-medium-font-size"><strong>26 mars 2026</strong></h4>



<p style="margin-top:9px">Ce webinaire a offert au personnel de première ligne des stratégies concrètes pour reconnaître les premiers signes de tension du système nerveux, renforcer leurs limites et appliquer des micro-compétences somatiques avant que le stress, l’épuisement ou le préjudice moral ne s’accumulent. Ancré dans une approche informée par le traumatisme, culturellement adaptée et non pathologisante, le webinaire reflète les réalités du travail en première ligne à travers le Canada atlantique. <br/></p>



<p style="margin-top:9px">Nous sommes ravis de partager les ressources du webinaire pour vous permettre de continuer à pratiquer, réfléchir et intégrer ces stratégies dans votre travail quotidien.</p>



<p><strong><a href="https://araisa.ca/wp-content/uploads/2026/04/Boundary-Script-Bank-FR.pdf" target="_blank" rel="noreferrer noopener">Banque de scripts de limites : langage respectueux de la dignité au travail<br/></a></strong>Ce guide propose des exemples concrets de formulations pour communiquer clairement vos limites tout en maintenant le lien et le respect. Les travailleurs et travailleuses de première ligne peuvent utiliser ces scripts pour gérer des situations sous pression sans compromettre la dignité ou les relations. </p>



<p><strong><a href="https://araisa.ca/wp-content/uploads/2026/04/Implementation-Guide-FR.pdf" target="_blank" rel="noreferrer noopener">Guide de mise en œuvre : outils pour remarquer le stress et se soutenir sur le moment<br/></a></strong>Ce guide présente des stratégies simples pour reconnaître les premiers signes de tension du système nerveux et y répondre avec de petites techniques. Il aide à gérer le stress sur le moment, en protégeant la clarté, la capacité et le bien-être tout en continuant à soutenir les autres. </p>



<p><strong><a href="https://araisa.ca/wp-content/uploads/2026/04/Reset-Protocal-FR.pdf" target="_blank" rel="noreferrer noopener">Protocole de réinitialisation avancé : se remettre après l’intensité<br/></a></strong><br/>Ce guide offre des exercices pratiques pour réinitialiser le système nerveux après des interactions intenses. Ces techniques courtes permettent de prévenir l’accumulation du stress et de se préparer à aborder la prochaine interaction avec concentration, calme et attention. </p>



<p><strong><a href="https://araisa.ca/wp-content/uploads/2026/04/Team-Reflection-Guide-FR.pdf" target="_blank" rel="noreferrer noopener">Guide de réflexion en équipe : intégrer le soin du système nerveux dans les équipes<br/></a></strong>Ce guide soutient les équipes dans la création d’une culture de soin du système nerveux. Il propose des questions et des exercices pour encourager la discussion, le partage de stratégies et le bien-être collectif, aidant les équipes à soutenir leur travail et à se soutenir mutuellement efficacement. </p>



<p><strong><a href="https://araisa.ca/wp-content/uploads/2026/04/Nervous-System-Care-Sustainable-Frontline-Practice-Webinar-Slides.pdf" target="_blank" rel="noreferrer noopener">Diapositives du webinaire<br/></a></strong>Les diapositives complètes de la présentation offrent une référence pour le contenu du webinaire. Elles peuvent être utilisées pour révision, discussion en équipe ou comme outil de formation afin de renforcer les stratégies présentées lors de la session. </p>



<div style="height:30px" aria-hidden="true" class="wp-block-spacer"></div>



<hr class="wp-block-separator has-alpha-channel-opacity"/>



<div style="height:0px" aria-hidden="true" class="wp-block-spacer"></div>



<h3 class="wp-block-heading">À propos de la présentatrice</h3>



<div class="wp-block-media-text is-stacked-on-mobile is-vertically-aligned-top" style="grid-template-columns:20% auto"><figure class="wp-block-media-text__media"><img loading="lazy" decoding="async" width="1024" height="1024" src="https://araisa.ca/wp-content/uploads/2026/04/Rajni-Sharma-1024x1024.png" alt="" class="wp-image-8130 size-full" srcset="https://araisa.ca/wp-content/uploads/2026/04/Rajni-Sharma-1024x1024.png 1024w, https://araisa.ca/wp-content/uploads/2026/04/Rajni-Sharma-300x300.png 300w, https://araisa.ca/wp-content/uploads/2026/04/Rajni-Sharma-150x150.png 150w, https://araisa.ca/wp-content/uploads/2026/04/Rajni-Sharma-768x768.png 768w, https://araisa.ca/wp-content/uploads/2026/04/Rajni-Sharma.png 1430w" sizes="auto, (max-width: 1024px) 100vw, 1024px" /></figure><div class="wp-block-media-text__content">
<h2 class="wp-block-heading has-tc-red-color has-text-color has-link-color has-large-font-size wp-elements-b02eed2fabb41356f541fdd494f79c5e" style="margin-top:27px;margin-bottom:4px">Rajni Sharma</h2>



<p class="has-tc-blue-color has-text-color has-link-color wp-elements-9ed6553ad08bac536eed53a44b1d07ef" style="margin-top:0px;font-size:18px">Rajni est psychothérapeute et art-thérapeute agréée. Elle est membre du College of Registered Psychotherapists of Ontario (CRPO). Elle a d’abord obtenu un diplôme de deuxième cycle en art-thérapie, puis un master en psychologie du conseil. En avril 2024, elle a terminé son doctorat en psychologie communautaire à l’Université Wilfrid Laurier. Ses recherches portent sur la manière d’aborder et de guérir les expériences de traumatisme racial en thérapie.    </p>



<p class="has-tc-blue-color has-text-color has-link-color wp-elements-d26a01ad991089399426795b0c3fc13c" style="font-size:18px">Rajni exerce dans le domaine de la santé mentale depuis 12 ans. Elle a travaillé avec une diversité de clients et clientes dans des contextes cliniques et communautaires. Ses expériences lui ont permis d’adapter la thérapie aux besoins des personnes, que ce soit pour une intervention en situation de crise ou une thérapie à long terme. Elle utilise des techniques provenant de la thérapie narrative, de l’art-thérapie, de la pleine conscience et de l’auto-compassion, de la thérapie cognitive, de la thérapie d’acceptation et d’engagement, de la psychologie de la libération, du système familial interne, de la psychologie bouddhiste, ainsi que de l’EMDR (désensibilisation et retraitement par les mouvements oculaires).   </p>



<p class="has-tc-blue-color has-text-color has-link-color wp-elements-3712fa41765ee163574997a8274084b1" style="margin-top:0px;font-size:18px">Son travail inclut l’exploration du lien corps-esprit pour guérir le traumatisme, la découverte de la façon dont les expériences passées sont connectées au présent, le décryptage des schémas de pensée, la régulation des émotions et la compréhension de la manière dont nos défis sont liés à des réalités systémiques et structurelles pouvant être oppressives et affecter notre santé mentale.</p>
</div></div>
</div>



<div class="wp-block-column is-layout-flow wp-block-column-is-layout-flow" style="flex-basis:33.33%"></div>
</div>
</div>

Consultez les ressources de ce webinaire pour pratiquer, réfléchir et intégrer des stratégies concrètes dans votre travail quotidien.
